{"id":1529,"date":"2022-05-15T14:35:00","date_gmt":"2022-05-15T12:35:00","guid":{"rendered":"https:\/\/www.barbos-stiftung.de\/cms\/?post_type=portfolio&amp;p=1529"},"modified":"2022-05-15T14:35:00","modified_gmt":"2022-05-15T12:35:00","slug":"erste-ukraine-kinder-in-maltherapie-katze-und-hund-fehlen","status":"publish","type":"portfolio","link":"https:\/\/www.barbos-stiftung.de\/cms\/index.php\/portfolio-item\/erste-ukraine-kinder-in-maltherapie-katze-und-hund-fehlen\/","title":{"rendered":"Erste Ukraine-Kinder in Maltherapie \u2013 Katze und Hund fehlen"},"content":{"rendered":"\n<style type=\"text\/css\" data-created_by=\"avia_inline_auto\" id=\"style-css-av-21lf9l-d555e37a15fa13e74b281b0b8beefb0d\">\n.flex_column.av-21lf9l-d555e37a15fa13e74b281b0b8beefb0d{\nborder-radius:0px 0px 0px 0px;\npadding:0px 0px 0px 0px;\n}\n<\/style>\n<div  class='flex_column av-21lf9l-d555e37a15fa13e74b281b0b8beefb0d av_one_full  avia-builder-el-0  avia-builder-el-no-sibling  first flex_column_div av-zero-column-padding  '     ><p>\n<style type=\"text\/css\" data-created_by=\"avia_inline_auto\" id=\"style-css-av-l2xpw0di-9e11509af12731aabf34e03777267897\">\n.avia-image-container.av-l2xpw0di-9e11509af12731aabf34e03777267897 img.avia_image{\nbox-shadow:none;\n}\n.avia-image-container.av-l2xpw0di-9e11509af12731aabf34e03777267897 .av-image-caption-overlay-center{\ncolor:#ffffff;\n}\n<\/style>\n<div  class='avia-image-container av-l2xpw0di-9e11509af12731aabf34e03777267897 av-styling- avia-align-center  avia-builder-el-1  el_before_av_heading  avia-builder-el-first '   itemprop=\"image\" itemscope=\"itemscope\" itemtype=\"https:\/\/schema.org\/ImageObject\" ><div class=\"avia-image-container-inner\"><div class=\"avia-image-overlay-wrap\"><img decoding=\"async\" fetchpriority=\"high\" class='wp-image-1547 avia-img-lazy-loading-not-1547 avia_image ' src=\"https:\/\/www.barbos-stiftung.de\/cms\/wp-content\/uploads\/2022\/05\/Haende_Katze-1.jpg\" alt='Ein gefl\u00fcchtetes Kind h\u00e4lt ein Stofftier in H\u00e4nden.' title='H\u00e4nde_Katze'  height=\"1816\" width=\"2403\"  itemprop=\"thumbnailUrl\" srcset=\"https:\/\/www.barbos-stiftung.de\/cms\/wp-content\/uploads\/2022\/05\/Haende_Katze-1.jpg 2403w, https:\/\/www.barbos-stiftung.de\/cms\/wp-content\/uploads\/2022\/05\/Haende_Katze-1-300x227.jpg 300w, https:\/\/www.barbos-stiftung.de\/cms\/wp-content\/uploads\/2022\/05\/Haende_Katze-1-1030x778.jpg 1030w, https:\/\/www.barbos-stiftung.de\/cms\/wp-content\/uploads\/2022\/05\/Haende_Katze-1-768x580.jpg 768w, https:\/\/www.barbos-stiftung.de\/cms\/wp-content\/uploads\/2022\/05\/Haende_Katze-1-1536x1161.jpg 1536w, https:\/\/www.barbos-stiftung.de\/cms\/wp-content\/uploads\/2022\/05\/Haende_Katze-1-2048x1548.jpg 2048w, https:\/\/www.barbos-stiftung.de\/cms\/wp-content\/uploads\/2022\/05\/Haende_Katze-1-1500x1134.jpg 1500w, https:\/\/www.barbos-stiftung.de\/cms\/wp-content\/uploads\/2022\/05\/Haende_Katze-1-705x533.jpg 705w\" sizes=\"(max-width: 2403px) 100vw, 2403px\" \/><\/div><\/div><\/div><br \/>\n\n<style type=\"text\/css\" data-created_by=\"avia_inline_auto\" id=\"style-css-av-l2xpwgci-4d797a7081e7e12bbc0e6f3864d298dd\">\n#top .av-special-heading.av-l2xpwgci-4d797a7081e7e12bbc0e6f3864d298dd{\npadding-bottom:10px;\n}\nbody .av-special-heading.av-l2xpwgci-4d797a7081e7e12bbc0e6f3864d298dd .av-special-heading-tag .heading-char{\nfont-size:25px;\n}\n.av-special-heading.av-l2xpwgci-4d797a7081e7e12bbc0e6f3864d298dd .av-subheading{\nfont-size:15px;\n}\n<\/style>\n<div  class='av-special-heading av-l2xpwgci-4d797a7081e7e12bbc0e6f3864d298dd av-special-heading-h4  avia-builder-el-2  el_after_av_image  el_before_av_textblock '><h4 class='av-special-heading-tag '  itemprop=\"headline\"  >Erste Ukraine-Kinder in Maltherapie \u2013 Katze und Hund fehlen<\/h4><div class=\"special-heading-border\"><div class=\"special-heading-inner-border\"><\/div><\/div><\/div><br \/>\n\n<style type=\"text\/css\" data-created_by=\"avia_inline_auto\" id=\"style-css-av-l2xpxy09-68f4cb82dc1dfca5511e583e18468adc\">\n#top .av_textblock_section.av-l2xpxy09-68f4cb82dc1dfca5511e583e18468adc .avia_textblock{\nfont-size:10px;\n}\n<\/style>\n<section  class='av_textblock_section av-l2xpxy09-68f4cb82dc1dfca5511e583e18468adc '   itemscope=\"itemscope\" itemtype=\"https:\/\/schema.org\/CreativeWork\" ><div class='avia_textblock'  itemprop=\"text\" ><p style=\"text-align: right;\">15.05.2022<\/p>\n<\/div><\/section><br \/>\n<section  class='av_textblock_section av-l2xpxa9a-f3495c9ce4f3c5ae22c219f464280bee '   itemscope=\"itemscope\" itemtype=\"https:\/\/schema.org\/CreativeWork\" ><div class='avia_textblock'  itemprop=\"text\" ><p>Die ersten ukrainischen Kinder k\u00f6nnen von der Maltherapie im Bauwagen profitieren: 2 Gruppen in der Gemeinschaftsunterkunft Burgauerstr. \/ M\u00fcnchen haben schon begonnen.<br \/>\nEine Gruppe mit Kindern bis 6 Jahre (4 Kinder) und eine Gruppe mit Kindern ab 10 Jahre (3 Kinder). Hier haben wir sogar das Gl\u00fcck einer ukrainisch und russisch sprechenden Kunsttherapeutin.<\/p>\n<p>Einmal in der Woche wird im Bauwagen gemalt. Der Bauwagen ist f\u00fcr die Kinder in der Massenunterkunft ein eigener Platz \u2013 ein Gef\u00fchl von Heimat.<\/p>\n<p>F\u00fcr uns ungewohnt: Die ukrainischen Kinder und ihre M\u00fctter sind extrem p\u00fcnktlich und zuverl\u00e4ssig.<br \/>\nUnd was auff\u00e4llt: Obwohl alle Kinder und M\u00fctter in der gleichen Fl\u00fcchtlingsunterkunft wohnen, kannten sie sich nicht. Durch das Kennenlernen in der Kunsttherapie spielen die Kinder nun miteinander \u2013 das hilft ihnen sehr.<br \/>\nUnd bei den gro\u00dfen Kindern, die im Kunstunterricht in der Ukraine sehr stark auf Leistung gedrillt waren, ist es ganz ungewohnt, sich auf absichtsloses Malen in der Kunsttherapie einzulassen. Es wird eine gute Erfahrung werden!<\/p>\n<p>Alle Kinder reden oder malen noch nicht von Kriegs- oder Fluchterfahrung. Thema aller ist: Der Verlust ihrer geliebten Haustiere, die sie zur\u00fccklassen mussten.<\/p>\n<\/div><\/section><\/p><\/div>\n","protected":false},"excerpt":{"rendered":"","protected":false},"author":2,"featured_media":1547,"comment_status":"closed","ping_status":"closed","template":"","meta":{"footnotes":""},"tags":[],"portfolio_entries":[],"class_list":["post-1529","portfolio","type-portfolio","status-publish","has-post-thumbnail","hentry"],"_links":{"self":[{"href":"https:\/\/www.barbos-stiftung.de\/cms\/index.php\/wp-json\/wp\/v2\/portfolio\/1529","targetHints":{"allow":["GET"]}}],"collection":[{"href":"https:\/\/www.barbos-stiftung.de\/cms\/index.php\/wp-json\/wp\/v2\/portfolio"}],"about":[{"href":"https:\/\/www.barbos-stiftung.de\/cms\/index.php\/wp-json\/wp\/v2\/types\/portfolio"}],"author":[{"embeddable":true,"href":"https:\/\/www.barbos-stiftung.de\/cms\/index.php\/wp-json\/wp\/v2\/users\/2"}],"replies":[{"embeddable":true,"href":"https:\/\/www.barbos-stiftung.de\/cms\/index.php\/wp-json\/wp\/v2\/comments?post=1529"}],"version-history":[{"count":0,"href":"https:\/\/www.barbos-stiftung.de\/cms\/index.php\/wp-json\/wp\/v2\/portfolio\/1529\/revisions"}],"wp:featuredmedia":[{"embeddable":true,"href":"https:\/\/www.barbos-stiftung.de\/cms\/index.php\/wp-json\/wp\/v2\/media\/1547"}],"wp:attachment":[{"href":"https:\/\/www.barbos-stiftung.de\/cms\/index.php\/wp-json\/wp\/v2\/media?parent=1529"}],"wp:term":[{"taxonomy":"post_tag","embeddable":true,"href":"https:\/\/www.barbos-stiftung.de\/cms\/index.php\/wp-json\/wp\/v2\/tags?post=1529"},{"taxonomy":"portfolio_entries","embeddable":true,"href":"https:\/\/www.barbos-stiftung.de\/cms\/index.php\/wp-json\/wp\/v2\/portfolio_entries?post=1529"}],"curies":[{"name":"wp","href":"https:\/\/api.w.org\/{rel}","templated":true}]}}

<style type="text/css" data-created_by="avia_inline_auto" id="style-css-av-21lf9l-d555e37a15fa13e74b281b0b8beefb0d">
.flex_column.av-21lf9l-d555e37a15fa13e74b281b0b8beefb0d{
border-radius:0px 0px 0px 0px;
padding:0px 0px 0px 0px;
}
</style>
<div  class='flex_column av-21lf9l-d555e37a15fa13e74b281b0b8beefb0d av_one_full  avia-builder-el-0  avia-builder-el-no-sibling  first flex_column_div av-zero-column-padding  '     ><p>
<style type="text/css" data-created_by="avia_inline_auto" id="style-css-av-l2xpw0di-9e11509af12731aabf34e03777267897">
.avia-image-container.av-l2xpw0di-9e11509af12731aabf34e03777267897 img.avia_image{
box-shadow:none;
}
.avia-image-container.av-l2xpw0di-9e11509af12731aabf34e03777267897 .av-image-caption-overlay-center{
color:#ffffff;
}
</style>
<div  class='avia-image-container av-l2xpw0di-9e11509af12731aabf34e03777267897 av-styling- avia-align-center  avia-builder-el-1  el_before_av_heading  avia-builder-el-first '   itemprop="image" itemscope="itemscope" itemtype="https://schema.org/ImageObject" ><div class="avia-image-container-inner"><div class="avia-image-overlay-wrap"><img decoding="async" fetchpriority="high" class='wp-image-1547 avia-img-lazy-loading-not-1547 avia_image ' src="https://www.barbos-stiftung.de/cms/wp-content/uploads/2022/05/Haende_Katze-1.jpg" alt='Ein geflüchtetes Kind hält ein Stofftier in Händen.' title='Hände_Katze'  height="1816" width="2403"  itemprop="thumbnailUrl" srcset="https://www.barbos-stiftung.de/cms/wp-content/uploads/2022/05/Haende_Katze-1.jpg 2403w, https://www.barbos-stiftung.de/cms/wp-content/uploads/2022/05/Haende_Katze-1-300x227.jpg 300w, https://www.barbos-stiftung.de/cms/wp-content/uploads/2022/05/Haende_Katze-1-1030x778.jpg 1030w, https://www.barbos-stiftung.de/cms/wp-content/uploads/2022/05/Haende_Katze-1-768x580.jpg 768w, https://www.barbos-stiftung.de/cms/wp-content/uploads/2022/05/Haende_Katze-1-1536x1161.jpg 1536w, https://www.barbos-stiftung.de/cms/wp-content/uploads/2022/05/Haende_Katze-1-2048x1548.jpg 2048w, https://www.barbos-stiftung.de/cms/wp-content/uploads/2022/05/Haende_Katze-1-1500x1134.jpg 1500w, https://www.barbos-stiftung.de/cms/wp-content/uploads/2022/05/Haende_Katze-1-705x533.jpg 705w" sizes="(max-width: 2403px) 100vw, 2403px" /></div></div></div><br />

<style type="text/css" data-created_by="avia_inline_auto" id="style-css-av-l2xpwgci-4d797a7081e7e12bbc0e6f3864d298dd">
#top .av-special-heading.av-l2xpwgci-4d797a7081e7e12bbc0e6f3864d298dd{
padding-bottom:10px;
}
body .av-special-heading.av-l2xpwgci-4d797a7081e7e12bbc0e6f3864d298dd .av-special-heading-tag .heading-char{
font-size:25px;
}
.av-special-heading.av-l2xpwgci-4d797a7081e7e12bbc0e6f3864d298dd .av-subheading{
font-size:15px;
}
</style>
<div  class='av-special-heading av-l2xpwgci-4d797a7081e7e12bbc0e6f3864d298dd av-special-heading-h4  avia-builder-el-2  el_after_av_image  el_before_av_textblock '><h4 class='av-special-heading-tag '  itemprop="headline"  >Erste Ukraine-Kinder in Maltherapie – Katze und Hund fehlen</h4><div class="special-heading-border"><div class="special-heading-inner-border"></div></div></div><br />

<style type="text/css" data-created_by="avia_inline_auto" id="style-css-av-l2xpxy09-68f4cb82dc1dfca5511e583e18468adc">
#top .av_textblock_section.av-l2xpxy09-68f4cb82dc1dfca5511e583e18468adc .avia_textblock{
font-size:10px;
}
</style>
<section  class='av_textblock_section av-l2xpxy09-68f4cb82dc1dfca5511e583e18468adc '   itemscope="itemscope" itemtype="https://schema.org/CreativeWork" ><div class='avia_textblock'  itemprop="text" ><p style="text-align: right;">15.05.2022</p>
</div></section><br />
<section  class='av_textblock_section av-l2xpxa9a-f3495c9ce4f3c5ae22c219f464280bee '   itemscope="itemscope" itemtype="https://schema.org/CreativeWork" ><div class='avia_textblock'  itemprop="text" ><p>Die ersten ukrainischen Kinder können von der Maltherapie im Bauwagen profitieren: 2 Gruppen in der Gemeinschaftsunterkunft Burgauerstr. / München haben schon begonnen.<br />
Eine Gruppe mit Kindern bis 6 Jahre (4 Kinder) und eine Gruppe mit Kindern ab 10 Jahre (3 Kinder). Hier haben wir sogar das Glück einer ukrainisch und russisch sprechenden Kunsttherapeutin.</p>
<p>Einmal in der Woche wird im Bauwagen gemalt. Der Bauwagen ist für die Kinder in der Massenunterkunft ein eigener Platz – ein Gefühl von Heimat.</p>
<p>Für uns ungewohnt: Die ukrainischen Kinder und ihre Mütter sind extrem pünktlich und zuverlässig.<br />
Und was auffällt: Obwohl alle Kinder und Mütter in der gleichen Flüchtlingsunterkunft wohnen, kannten sie sich nicht. Durch das Kennenlernen in der Kunsttherapie spielen die Kinder nun miteinander – das hilft ihnen sehr.<br />
Und bei den großen Kindern, die im Kunstunterricht in der Ukraine sehr stark auf Leistung gedrillt waren, ist es ganz ungewohnt, sich auf absichtsloses Malen in der Kunsttherapie einzulassen. Es wird eine gute Erfahrung werden!</p>
<p>Alle Kinder reden oder malen noch nicht von Kriegs- oder Fluchterfahrung. Thema aller ist: Der Verlust ihrer geliebten Haustiere, die sie zurücklassen mussten.</p>
</div></section></p></div>
