{"id":1710,"date":"2022-12-28T20:20:05","date_gmt":"2022-12-28T19:20:05","guid":{"rendered":"https:\/\/www.barbos-stiftung.de\/cms\/?post_type=portfolio&amp;p=1710"},"modified":"2022-12-28T20:20:05","modified_gmt":"2022-12-28T19:20:05","slug":"spenden-von-der-steuer-absetzen","status":"publish","type":"portfolio","link":"https:\/\/www.barbos-stiftung.de\/cms\/index.php\/portfolio-item\/spenden-von-der-steuer-absetzen\/","title":{"rendered":"Spenden von der Steuer absetzen"},"content":{"rendered":"\n<style type=\"text\/css\" data-created_by=\"avia_inline_auto\" id=\"style-css-av-2eb8vy-bf2d2e8255afe2851a46aad9a685afdf\">\n.flex_column.av-2eb8vy-bf2d2e8255afe2851a46aad9a685afdf{\nborder-radius:0px 0px 0px 0px;\npadding:0px 0px 0px 0px;\n}\n<\/style>\n<div  class='flex_column av-2eb8vy-bf2d2e8255afe2851a46aad9a685afdf av_one_full  avia-builder-el-0  avia-builder-el-no-sibling  first flex_column_div av-zero-column-padding  '     ><p>\n<style type=\"text\/css\" data-created_by=\"avia_inline_auto\" id=\"style-css-av-lailujkd-975e1d74912aefce460a9ecf561e8549\">\n.avia-image-container.av-lailujkd-975e1d74912aefce460a9ecf561e8549 img.avia_image{\nbox-shadow:none;\n}\n.avia-image-container.av-lailujkd-975e1d74912aefce460a9ecf561e8549 .av-image-caption-overlay-center{\ncolor:#ffffff;\n}\n<\/style>\n<div  class='avia-image-container av-lailujkd-975e1d74912aefce460a9ecf561e8549 av-styling- avia-align-center  avia-builder-el-1  el_before_av_heading  avia-builder-el-first '   itemprop=\"image\" itemscope=\"itemscope\" itemtype=\"https:\/\/schema.org\/ImageObject\" ><div class=\"avia-image-container-inner\"><div class=\"avia-image-overlay-wrap\"><img decoding=\"async\" fetchpriority=\"high\" class='wp-image-1559 avia-img-lazy-loading-not-1559 avia_image ' src=\"https:\/\/www.barbos-stiftung.de\/cms\/wp-content\/uploads\/2022\/06\/Schulkind_Hand_Tongesicht-1-1-277x300.jpg\" alt='Ein M\u00e4dchen h\u00e4lt ein aus Ton geschaffenes M\u00e4dchengesicht nach oben' title='Schulkind_Hand_Tongesicht'  height=\"300\" width=\"277\"  itemprop=\"thumbnailUrl\" srcset=\"https:\/\/www.barbos-stiftung.de\/cms\/wp-content\/uploads\/2022\/06\/Schulkind_Hand_Tongesicht-1-1-277x300.jpg 277w, https:\/\/www.barbos-stiftung.de\/cms\/wp-content\/uploads\/2022\/06\/Schulkind_Hand_Tongesicht-1-1-652x705.jpg 652w, https:\/\/www.barbos-stiftung.de\/cms\/wp-content\/uploads\/2022\/06\/Schulkind_Hand_Tongesicht-1-1.jpg 659w\" sizes=\"(max-width: 277px) 100vw, 277px\" \/><\/div><\/div><\/div><br \/>\n\n<style type=\"text\/css\" data-created_by=\"avia_inline_auto\" id=\"style-css-av-lailvbdx-c1d654050704be8c661f31863ceaa9d0\">\n#top .av-special-heading.av-lailvbdx-c1d654050704be8c661f31863ceaa9d0{\npadding-bottom:10px;\n}\nbody .av-special-heading.av-lailvbdx-c1d654050704be8c661f31863ceaa9d0 .av-special-heading-tag .heading-char{\nfont-size:25px;\n}\n.av-special-heading.av-lailvbdx-c1d654050704be8c661f31863ceaa9d0 .av-subheading{\nfont-size:15px;\n}\n<\/style>\n<div  class='av-special-heading av-lailvbdx-c1d654050704be8c661f31863ceaa9d0 av-special-heading-h4  avia-builder-el-2  el_after_av_image  el_before_av_textblock '><h4 class='av-special-heading-tag '  itemprop=\"headline\"  >Spenden von der Steuer absetzen<\/h4><div class=\"special-heading-border\"><div class=\"special-heading-inner-border\"><\/div><\/div><\/div><br \/>\n\n<style type=\"text\/css\" data-created_by=\"avia_inline_auto\" id=\"style-css-av-lailvv78-dbf3eda3625e319a5c5fdd471bbc9b2b\">\n#top .av_textblock_section.av-lailvv78-dbf3eda3625e319a5c5fdd471bbc9b2b .avia_textblock{\nfont-size:10px;\n}\n<\/style>\n<section  class='av_textblock_section av-lailvv78-dbf3eda3625e319a5c5fdd471bbc9b2b '   itemscope=\"itemscope\" itemtype=\"https:\/\/schema.org\/CreativeWork\" ><div class='avia_textblock'  itemprop=\"text\" ><p style=\"text-align: right;\">28.12.2022<\/p>\n<\/div><\/section><br \/>\n<section  class='av_textblock_section av-lailx1yz-2b4f305efa311ee2480a2c15359f5dab '   itemscope=\"itemscope\" itemtype=\"https:\/\/schema.org\/CreativeWork\" ><div class='avia_textblock'  itemprop=\"text\" ><p>Noch bis 31.12. k\u00f6nnen Sie Spenden und den Betrag dann steuerg\u00fcnstig von Ihrem zu versteuernden Einkommen absetzen. Fragen Sie mal gerne Ihre\/n Steuerberater\/in, welche Summe Sie steuerlich sinnvoll noch spenden k\u00f6nnen dieses Jahr. (Gerne darf es nat\u00fcrlich auch mehr sein \u2026)<\/p>\n<p>Gutes Tun zahlt sich aus! Sogar beim Finanzamt.<\/p>\n<p>\u00dcbrigens noch mehr f\u00fcr Ihr inneres Guthaben-Konto.<\/p>\n<p><strong>Barbos-Stiftung\u00a0\u00a0\u00a0\u00a0\u00a0\u00a0 Spendenkonto-Nr. 53 \u2013 117 230<br \/>\n<\/strong>Stadtsparkasse M\u00fcnchen<br \/>\nIBAN: DE67701500000053117230<br \/>\nBIC: SSKMDEMMXXX<\/p>\n<\/div><\/section><\/p><\/div>\n","protected":false},"excerpt":{"rendered":"","protected":false},"author":2,"featured_media":1559,"comment_status":"closed","ping_status":"closed","template":"","meta":{"footnotes":""},"tags":[],"portfolio_entries":[],"class_list":["post-1710","portfolio","type-portfolio","status-publish","has-post-thumbnail","hentry"],"_links":{"self":[{"href":"https:\/\/www.barbos-stiftung.de\/cms\/index.php\/wp-json\/wp\/v2\/portfolio\/1710","targetHints":{"allow":["GET"]}}],"collection":[{"href":"https:\/\/www.barbos-stiftung.de\/cms\/index.php\/wp-json\/wp\/v2\/portfolio"}],"about":[{"href":"https:\/\/www.barbos-stiftung.de\/cms\/index.php\/wp-json\/wp\/v2\/types\/portfolio"}],"author":[{"embeddable":true,"href":"https:\/\/www.barbos-stiftung.de\/cms\/index.php\/wp-json\/wp\/v2\/users\/2"}],"replies":[{"embeddable":true,"href":"https:\/\/www.barbos-stiftung.de\/cms\/index.php\/wp-json\/wp\/v2\/comments?post=1710"}],"version-history":[{"count":0,"href":"https:\/\/www.barbos-stiftung.de\/cms\/index.php\/wp-json\/wp\/v2\/portfolio\/1710\/revisions"}],"wp:featuredmedia":[{"embeddable":true,"href":"https:\/\/www.barbos-stiftung.de\/cms\/index.php\/wp-json\/wp\/v2\/media\/1559"}],"wp:attachment":[{"href":"https:\/\/www.barbos-stiftung.de\/cms\/index.php\/wp-json\/wp\/v2\/media?parent=1710"}],"wp:term":[{"taxonomy":"post_tag","embeddable":true,"href":"https:\/\/www.barbos-stiftung.de\/cms\/index.php\/wp-json\/wp\/v2\/tags?post=1710"},{"taxonomy":"portfolio_entries","embeddable":true,"href":"https:\/\/www.barbos-stiftung.de\/cms\/index.php\/wp-json\/wp\/v2\/portfolio_entries?post=1710"}],"curies":[{"name":"wp","href":"https:\/\/api.w.org\/{rel}","templated":true}]}}

<style type="text/css" data-created_by="avia_inline_auto" id="style-css-av-2eb8vy-bf2d2e8255afe2851a46aad9a685afdf">
.flex_column.av-2eb8vy-bf2d2e8255afe2851a46aad9a685afdf{
border-radius:0px 0px 0px 0px;
padding:0px 0px 0px 0px;
}
</style>
<div  class='flex_column av-2eb8vy-bf2d2e8255afe2851a46aad9a685afdf av_one_full  avia-builder-el-0  avia-builder-el-no-sibling  first flex_column_div av-zero-column-padding  '     ><p>
<style type="text/css" data-created_by="avia_inline_auto" id="style-css-av-lailujkd-975e1d74912aefce460a9ecf561e8549">
.avia-image-container.av-lailujkd-975e1d74912aefce460a9ecf561e8549 img.avia_image{
box-shadow:none;
}
.avia-image-container.av-lailujkd-975e1d74912aefce460a9ecf561e8549 .av-image-caption-overlay-center{
color:#ffffff;
}
</style>
<div  class='avia-image-container av-lailujkd-975e1d74912aefce460a9ecf561e8549 av-styling- avia-align-center  avia-builder-el-1  el_before_av_heading  avia-builder-el-first '   itemprop="image" itemscope="itemscope" itemtype="https://schema.org/ImageObject" ><div class="avia-image-container-inner"><div class="avia-image-overlay-wrap"><img decoding="async" fetchpriority="high" class='wp-image-1559 avia-img-lazy-loading-not-1559 avia_image ' src="https://www.barbos-stiftung.de/cms/wp-content/uploads/2022/06/Schulkind_Hand_Tongesicht-1-1-277x300.jpg" alt='Ein Mädchen hält ein aus Ton geschaffenes Mädchengesicht nach oben' title='Schulkind_Hand_Tongesicht'  height="300" width="277"  itemprop="thumbnailUrl" srcset="https://www.barbos-stiftung.de/cms/wp-content/uploads/2022/06/Schulkind_Hand_Tongesicht-1-1-277x300.jpg 277w, https://www.barbos-stiftung.de/cms/wp-content/uploads/2022/06/Schulkind_Hand_Tongesicht-1-1-652x705.jpg 652w, https://www.barbos-stiftung.de/cms/wp-content/uploads/2022/06/Schulkind_Hand_Tongesicht-1-1.jpg 659w" sizes="(max-width: 277px) 100vw, 277px" /></div></div></div><br />

<style type="text/css" data-created_by="avia_inline_auto" id="style-css-av-lailvbdx-c1d654050704be8c661f31863ceaa9d0">
#top .av-special-heading.av-lailvbdx-c1d654050704be8c661f31863ceaa9d0{
padding-bottom:10px;
}
body .av-special-heading.av-lailvbdx-c1d654050704be8c661f31863ceaa9d0 .av-special-heading-tag .heading-char{
font-size:25px;
}
.av-special-heading.av-lailvbdx-c1d654050704be8c661f31863ceaa9d0 .av-subheading{
font-size:15px;
}
</style>
<div  class='av-special-heading av-lailvbdx-c1d654050704be8c661f31863ceaa9d0 av-special-heading-h4  avia-builder-el-2  el_after_av_image  el_before_av_textblock '><h4 class='av-special-heading-tag '  itemprop="headline"  >Spenden von der Steuer absetzen</h4><div class="special-heading-border"><div class="special-heading-inner-border"></div></div></div><br />

<style type="text/css" data-created_by="avia_inline_auto" id="style-css-av-lailvv78-dbf3eda3625e319a5c5fdd471bbc9b2b">
#top .av_textblock_section.av-lailvv78-dbf3eda3625e319a5c5fdd471bbc9b2b .avia_textblock{
font-size:10px;
}
</style>
<section  class='av_textblock_section av-lailvv78-dbf3eda3625e319a5c5fdd471bbc9b2b '   itemscope="itemscope" itemtype="https://schema.org/CreativeWork" ><div class='avia_textblock'  itemprop="text" ><p style="text-align: right;">28.12.2022</p>
</div></section><br />
<section  class='av_textblock_section av-lailx1yz-2b4f305efa311ee2480a2c15359f5dab '   itemscope="itemscope" itemtype="https://schema.org/CreativeWork" ><div class='avia_textblock'  itemprop="text" ><p>Noch bis 31.12. können Sie Spenden und den Betrag dann steuergünstig von Ihrem zu versteuernden Einkommen absetzen. Fragen Sie mal gerne Ihre/n Steuerberater/in, welche Summe Sie steuerlich sinnvoll noch spenden können dieses Jahr. (Gerne darf es natürlich auch mehr sein …)</p>
<p>Gutes Tun zahlt sich aus! Sogar beim Finanzamt.</p>
<p>Übrigens noch mehr für Ihr inneres Guthaben-Konto.</p>
<p><strong>Barbos-Stiftung       Spendenkonto-Nr. 53 – 117 230<br />
</strong>Stadtsparkasse München<br />
IBAN: DE67701500000053117230<br />
BIC: SSKMDEMMXXX</p>
</div></section></p></div>
